{"id":2,"date":"2018-02-28T18:01:49","date_gmt":"2018-02-28T18:01:49","guid":{"rendered":"http:\/\/www.fingerverk.se\/fingerverk\/?page_id=2"},"modified":"2025-08-16T14:44:39","modified_gmt":"2025-08-16T14:44:39","slug":"about","status":"publish","type":"page","link":"https:\/\/www.fingerverk.se\/fingerverk\/about\/","title":{"rendered":"About"},"content":{"rendered":"<p>V\u00e4lkommen till Fingerverk! Jag som driver bloggen heter Magdalena, \u00e4r f\u00f6dd 1998 och v\u00e4rmlandst\u00f6s. Fingerverk sammanfattar m\u00e5nga av mina intressen, vilket ibland syns h\u00e4r p\u00e5 bloggen. Jag \u00e4gnar dagarna \u00e5t att skriva prosa, musik, poesi och andra texter. Helst vill jag leva p\u00e5 dem, texterna. Sjunga in i era \u00f6ron (och hj\u00e4rtan) och bli publicerad p\u00e5 f\u00f6rlag.<\/p>\n<p><a href=\"https:\/\/open.spotify.com\/artist\/5TFCPmSUslFOqw4CuieCIr?si=F6v3M-05RJ-B-4NCEALkvQ\">H\u00e4r<\/a> hittar ni min musik.<\/p>\n<p>N\u00e4r jag inte skriver, sjunger eller umg\u00e5s med folk brukar jag springa, laga mat, spela tv\u00e4rfl\u00f6jt, baka surdegsbr\u00f6d, dansa och fermentera gr\u00f6nsaker. Ibland f\u00e5r jag f\u00f6r mig att sy, brodera eller m\u00e5la n\u00e5got.<\/p>\n<p><a href=\"https:\/\/www.instagram.com\/fingerverk\/\">F\u00f6lj mig p\u00e5 instagram<\/a><\/p>\n<h3><\/h3>\n<h3>Utbildning, urval<\/h3>\n<p>F\u00f6rfattarskolan, Lunds universitet 2023-2025<\/p>\n<p>Milj\u00f6vetenskap, Link\u00f6pings universitet 2020-2023<\/p>\n<p>Projekt\u00e5ret (Your silence will not protect you), Kvinnofolkh\u00f6gskolan 2020-2021<\/p>\n<p>Kreativt skrivande, Lule\u00e5 Tekniska Universitet ht 2019<\/p>\n<p>Folkmusik, Musikkonservatoriet Falun 2018-2019<\/p>\n<p>&nbsp;<\/p>\n<h3>Jobb, urval<\/h3>\n<p>V\u00e4rmlands Folkblad \u2013 vikarierande reporter sommaren 2025<\/p>\n<p>Nya Kristinehamnsposten \u2013 vikarierande reporter sommaren 2024<\/p>\n<p>Nyfiket \u2013 k\u00f6kspersonal, kock, diskare, volont\u00e4rsamordnare med mera sommaren 2023<\/p>\n<p>&nbsp;<\/p>\n","protected":false},"excerpt":{"rendered":"<p>V\u00e4lkommen till Fingerverk! Jag som driver bloggen heter Magdalena, \u00e4r f\u00f6dd 1998 och v\u00e4rmlandst\u00f6s. Fingerverk sammanfattar m\u00e5nga av mina intressen, vilket ibland syns h\u00e4r p\u00e5 bloggen. Jag \u00e4gnar dagarna \u00e5t att skriva prosa, musik, poesi och andra texter. Helst vill jag leva p\u00e5 dem, texterna. Sjunga in i era \u00f6ron (och hj\u00e4rtan) och bli publicerad&hellip; <a class=\"more-link\" href=\"https:\/\/www.fingerverk.se\/fingerverk\/about\/\">L\u00e4s mer <span class=\"screen-reader-text\">About<\/span><\/a><\/p>\n","protected":false},"author":1,"featured_media":0,"parent":0,"menu_order":0,"comment_status":"open","ping_status":"open","template":"","meta":{"footnotes":""},"class_list":["post-2","page","type-page","status-publish","hentry"],"_links":{"self":[{"href":"https:\/\/www.fingerverk.se\/fingerverk\/wp-json\/wp\/v2\/pages\/2"}],"collection":[{"href":"https:\/\/www.fingerverk.se\/fingerverk\/wp-json\/wp\/v2\/pages"}],"about":[{"href":"https:\/\/www.fingerverk.se\/fingerverk\/wp-json\/wp\/v2\/types\/page"}],"author":[{"embeddable":true,"href":"https:\/\/www.fingerverk.se\/fingerverk\/wp-json\/wp\/v2\/users\/1"}],"replies":[{"embeddable":true,"href":"https:\/\/www.fingerverk.se\/fingerverk\/wp-json\/wp\/v2\/comments?post=2"}],"version-history":[{"count":9,"href":"https:\/\/www.fingerverk.se\/fingerverk\/wp-json\/wp\/v2\/pages\/2\/revisions"}],"predecessor-version":[{"id":3941,"href":"https:\/\/www.fingerverk.se\/fingerverk\/wp-json\/wp\/v2\/pages\/2\/revisions\/3941"}],"wp:attachment":[{"href":"https:\/\/www.fingerverk.se\/fingerverk\/wp-json\/wp\/v2\/media?parent=2"}],"curies":[{"name":"wp","href":"https:\/\/api.w.org\/{rel}","templated":true}]}}